 3500251
List the prime factors of 1546489151.
18371, 84181
What are the prime factors of 408898481?
43, 9509267
What are the prime factors of 676381842?
2, 3, 103, 109, 3347
List the prime factors of 19089328.
2, 53, 22511
List the prime factors of 3573233090.
2, 5, 7, 2699, 18913
List the prime factors of 47178515.
5, 37, 255019
List the prime factors of 117184132.
2, 13, 443, 5087
What are the prime factors of 398624366?
2, 7, 263, 108263
List the prime factors of 1260596400.
2, 3, 5, 7, 31, 47, 103
What are the prime factors of 2810592541?
17, 2647, 62459
What are the prime factors of 386487453?
3, 11, 11711741
What are the prime factors of 331839553?
1013, 327581
List the prime factors of 14814413.
113, 131101
What are the prime factors of 74154748?
2, 17, 491, 2221
List the prime factors of 126009357.
3, 42003119
What are the prime factors of 5484955?
5, 7, 67, 2339
What are the prime factors of 3109672294?
2, 7699, 201953
What are the prime factors of 817534899?
3, 90837211
What are the prime factors of 738158464?
2, 109, 191, 277
What are the prime factors of 2033876211?
3, 2467, 274811
List the prime factors of 46313563.
46313563
List the prime factors of 526470818.
2, 199, 463, 2857
List the prime factors of 6988008659.
61, 593, 193183
List the prime factors of 194653066.
2, 191, 509563
What are the prime factors of 205776686?
2, 1811, 56813
What are the prime factors of 71291862?
2, 3, 103, 38453
List the prime factors of 61196099.
463, 132173
What are the prime factors of 80619810?
2, 3, 5, 179, 15013
List the prime factors of 205798642.
2, 7, 131, 112213
What are the prime factors of 31295841?
3, 10431947
List the prime factors of 530936209.
19, 23, 1214957
List the prime factors of 606451486.
2, 303225743
List the prime factors of 128826918.
2, 3, 11, 17, 38273
List the prime factors of 1525418903.
23, 83, 881, 907
List the prime factors of 127486057.
1153, 110569
What are the prime factors of 140377247?
11423, 12289
List the prime factors of 144888939.
3, 13, 113, 281
What are the prime factors of 779023032?
2, 3, 2411, 13463
List the prime factors of 184822987.
43, 59, 263, 277
List the prime factors of 139915225.
5, 97, 57697
List the prime factors of 267476573.
7, 13, 367, 8009
List the prime factors of 71370621.
3, 7, 83, 13649
List the prime factors of 684544868.
2, 7, 2539, 9629
List the prime factors of 21706434.
2, 3, 23, 17477
List the prime factors of 719855307.
3, 79983923
List the prime factors of 467919250.
2, 5, 1871677
What are the prime factors of 935534550?
2, 3, 5, 179, 34843
What are the prime factors of 145680290?
2, 5, 7, 2081147
List the prime factors of 5368176535.
5, 31, 41, 844717
What are the prime factors of 148389902?
2, 439, 169009
What are the prime factors of 12610042?
2, 41, 61, 2521
What are the prime factors of 3600657?
3, 107, 3739
List the prime factors of 4398232517.
7, 929, 676339
List the prime factors of 1023889084.
2, 255972271
What are the prime factors of 165334229?
165334229
List the prime factors of 385942520.
2, 5, 9648563
List the prime factors of 467876014.
2, 157, 1490051
What are the prime factors of 1688593336?
2, 211074167
What are the prime factors of 128620035?
3, 5, 952741
What are the prime factors of 10829236?
2, 11, 246119
What are the prime factors of 832563351?
3, 92507039
List the prime factors of 216516.
2, 3, 18043
List the prime factors of 32360335.
5, 7, 18869
What are the prime factors of 1038301910?
2, 5, 31, 47, 71263
List the prime factors of 178609100.
2, 5, 43, 73, 569
What are the prime factors of 7209483609?
3, 2403161203
List the prime factors of 291737761.
7, 19, 937, 2341
List the prime factors of 995831882.
2, 17, 29289173
What are the prime factors of 60660052?
2, 83, 182711
List the prime factors of 2397456260.
2, 5, 1721, 69653
List the prime factors of 1305663170.
2, 5, 7, 67, 278393
What are the prime factors of 675014142?
2, 3, 11, 487, 21001
What are the prime factors of 8394980937?
3, 7, 281, 1422637
What are the prime factors of 43523041?
1597, 27253
What are the prime factors of 568580784?
2, 3, 41, 288913
List the prime factors of 2237808987.
3, 41, 6064523
What are the prime factors of 44883509?
11, 2011, 2029
List the prime factors of 152685760.
2, 5, 97, 4919
List the prime factors of 132569893.
17, 1831, 4259
What are the prime factors of 522076152?
2, 3, 13, 128717
What are the prime factors of 4842466826?
2, 73, 33167581
What are the prime factors of 387115271?
953, 406207
List the prime factors of 2431212448.
2, 7, 29, 31, 12073
List the prime factors of 1868451821.
131, 14262991
List the prime factors of 279973171.
279973171
List the prime factors of 1096370353.
13, 84336181
What are the prime factors of 2002170235?
5, 13, 5197, 5927
What are the prime factors of 659589230?
2, 5, 797, 82759
List the prime factors of 40585833.
3, 659, 2281
What are the prime factors of 1480956271?
127, 11661073
What are the prime factors of 319003291?
319003291
What are the prime factors of 608625697?
29, 31, 101, 6703
What are the prime factors of 3767136292?
2, 47, 20037959
What are the prime factors of 36173078?
2, 18086539
What are the prime factors of 424970095?
5, 11, 97, 79657
What are the prime factors of 55302080?
2, 5, 47, 3677
What are the prime factors of 39968001?
3, 19, 47, 4973
What are the prime factors of 101648918?
2, 7, 173, 41969
List the prime factors of 39421002.
2, 3, 1409, 4663
List the prime factors of 1335470715.
3, 5, 3967, 7481
What are the prime factors of 125956797?
3, 41, 101, 10139
List the prime factors of 1609180.
2, 5, 61, 1319
What are the prime factors of 461241744?
2, 3, 9609203
What are the prime factors of 3548645?
5, 709729
What are the prime factors of 95854735?
5, 4129, 4643
What are the prime factors of 809272441?
809272441
List the prime factors of 236643334.
2, 97, 1219811
List the prime factors of 45085005.
3, 5, 7, 19, 31
What are the prime factors of 260989052?
2, 1327, 49169
What are the prime factors of 204591222?
2, 3, 11, 1033289
What are the prime factors of 1568779344?
2, 3, 11, 73, 13567
What are the prime factors of 18433565?
5, 3686713
What are the prime factors of 142042880?
2, 5, 7, 83, 191
What are the prime factors of 394496311?
11, 35863301
What are the prime factors of 362429410?
2, 5, 7, 101, 51263
List the prime factors of 3215500355.
5, 37, 461, 1019
What are the prime factors of 194339880?
2, 3, 5, 7, 23, 479
List the prime factors of 1186444824.
2, 3, 17, 2907953
What are the prime factors of 633743419?
53, 67, 178469
What are the prime factors of 338770151?
23, 73, 201769
What are the prime factors of 321801205?
5, 11, 463, 12637
What are the prime factors of 2316024431?
7, 8539, 38747
List the prime factors of 3133716810.
2, 3, 5, 7, 173, 86257
What are the prime factors of 262627795?
5, 52525559
List the prime factors of 20981080.
2, 5, 431, 1217
What are the prime factors of 29433462?
2, 3, 4905577
What are the prime factors of 972043217?
972043217
What are the prime factors of 889334763?
3, 263, 1127167
List the prime factors of 167049540.
2, 3, 5, 7, 14731
List the prime factors of 1157609771.
1157609771
List the prime factors of 43727314.
2, 21863657
List the prime factors of 769648453.
7, 47, 211, 11087
What are the prime factors of 2513597286?
2, 3, 19, 22049099
What are the prime factors of 52108583?
19, 1109, 2473
List the prime factors of 1473239007.
3, 97, 1687559
List the prime factors of 4237503921.
3, 7, 37, 1817891
What are the prime factors of 3274147460?
2, 5, 31, 5280883
List the prime factors of 380204897.
7523, 50539
List the prime factors of 19319092.
2, 13, 103, 3607
List the prime factors of 172975302.
2, 3, 223, 43093
What are the prime factors of 377235230?
2, 5, 37723523
What are the prime factors of 28462360?
2, 5, 83, 8573
What are the prime factors of 719555277?
3, 7, 17, 67, 449
What are the prime factors of 52120416?
2, 3, 542921
What are the prime factors of 25525104?
2, 3, 11, 29, 1667
What are the prime factors of 81995730?
2, 3, 5, 47, 58153
What are the prime factors of 162640372?
2, 137, 449, 661
What are the prime factors of 465580326?
2, 3, 17, 29, 107, 1471
List the prime factors of 492016945.
5, 7, 83, 169369
List the prime factors of 11